{"id":138,"date":"2024-05-23T11:07:17","date_gmt":"2024-05-23T09:07:17","guid":{"rendered":"https:\/\/llar.totmedia.net\/?page_id=138"},"modified":"2024-06-28T12:03:17","modified_gmt":"2024-06-28T10:03:17","slug":"politica-de-privadesa","status":"publish","type":"page","link":"https:\/\/brasserialallar.com\/es\/politica-de-privadesa\/","title":{"rendered":"Pol\u00edtica De Privadesa"},"content":{"rendered":"<p>D\u2019acord amb la Llei Org\u00e0nica 3\/2018 LOPD-GDD i amb el Reglament Europeu RGPD de Protecci\u00f3 de Dades personals, hem actualitzat la nostra Pol\u00edtica de Privadesa. En aquesta web es respecten i cuiden les dades personals dels usuaris. Com a usuari has de saber que els teus drets estan garantits.<\/p>\n\n\n\n<p>Cal advertir que aquesta Pol\u00edtica de Privadesa podria variar en funci\u00f3 d\u2019exig\u00e8ncies legislatives o d\u2019autoregulaci\u00f3, per la qual cosa s\u2019aconsella als usuaris que la visitin peri\u00f2dicament. \u00c9s aplicable en cas que els usuaris decideixin emplenar algun formulari de qualsevol dels seus formularis de contacte que es demanen dades de car\u00e0cter personal.<\/p>\n\n\n\n<p>JOH BRASSERIA, S.L. ha adequat aquest web a les exig\u00e8ncies de la Llei Org\u00e0nica 3\/2018 LOPD-GDD i al Reglament (UE) 2016\/679 del Parlament Europeu i del Consell de 27 d\u2019abril del 2016 relatiu a la protecci\u00f3 de les persones f\u00edsiques RGPD, aix\u00ed com amb la Llei 34\/2002 de 11 de juliol, de Serveis de la Societat de la Informaci\u00f3 i Comer\u00e7 Electr\u00f2nic LSSICE.<\/p>\n\n\n\n<p>Responsable del tractament de les teves dades personals .<\/p>\n\n\n\n<p>Identitat del Responsable : JOH BRASSERIA, S.L.<\/p>\n\n\n\n<p>NIF : 43526272Z<\/p>\n\n\n\n<p>Correu electr\u00f2nic : <a>info@brasserialallar.com<\/a><\/p>\n\n\n\n<p>Web : <a href=\"http:\/\/www.llar.totmedia.net\">www.llar.totmedia.net<\/a><\/p>\n\n\n\n<p>Tel\u00e8fon : 938 67 53 77<\/p>\n\n\n\n<p>Principis que aplicarem a la teva informaci\u00f3 .<\/p>\n\n\n\n<p>En el tractament de les teves dades personals, aplicarem els principis seg\u00fcents que s\u2019ajusten a les exig\u00e8ncies del nou reglament europeu de protecci\u00f3 de dades:<\/p>\n\n\n\n<p>Principi de licitud, lleialtat i transpar\u00e8ncia: sempre requerirem el seu consentiment per al tractament de les teves dades personals per a un o diversos fins espec\u00edfics que t\u2019informarem pr\u00e8viament amb absoluta transpar\u00e8ncia.<\/p>\n\n\n\n<p>Principi de minimitzaci\u00f3 de dades: nom\u00e9s sol\u00b7licitarem dades estrictament necess\u00e0ries en relaci\u00f3 amb les finalitats per a les quals les requerim.<\/p>\n\n\n\n<p>Principi de limitaci\u00f3 del termini de conservaci\u00f3: les dades seran mantingudes durant no m\u00e9s temps del necessari per als fins del tractament, en funci\u00f3 de la finalitat, us informarem del termini de conservaci\u00f3 corresponent, en el cas de subscripcions, peri\u00f2dicament revisem les nostres llistes i eliminem aquells registres inactius durant un temps considerable.<\/p>\n\n\n\n<p>Principi d\u2019integritat i confidencialitat: les teves dades seran tractades de manera que es garanteixi una seguretat adequada de les dades personals i es garanteixi confidencialitat. Prenem totes les precaucions necess\u00e0ries per evitar l\u2019acc\u00e9s no autoritzat o \u00fas indegut de les dades dels nostres usuaris per part de tercers.<\/p>\n\n\n\n<p>Com hem obtingut les dades?<\/p>\n\n\n\n<p>Les dades personals que tractem procedeixen de:<\/p>\n\n\n\n<p>Formulari de contacte.<\/p>\n\n\n\n<p>Tel\u00e8fon.<\/p>\n\n\n\n<p>Web.<\/p>\n\n\n\n<p>Activitats.<\/p>\n\n\n\n<p>E-mail.<\/p>\n\n\n\n<p>Visites.<\/p>\n\n\n\n<p>Quins s\u00f3n els teus drets quan ens facilites les dades?<\/p>\n\n\n\n<p>Els interessats tenen dret a:<\/p>\n\n\n\n<p>Sol\u00b7licitar l\u2019acc\u00e9s a les dades personals relatives a la persona interessada.<\/p>\n\n\n\n<p>Sol\u00b7licitar-ne la rectificaci\u00f3.<\/p>\n\n\n\n<p>Sol\u00b7licitar la baixa de la nostra base de dades.<\/p>\n\n\n\n<p>Sol\u00b7licitar la limitaci\u00f3 del tractament.<\/p>\n\n\n\n<p>Oposar-se al tractament.<\/p>\n\n\n\n<p>Els interessats poden accedir a les seves dades personals, aix\u00ed com a sol\u00b7licitar la rectificaci\u00f3 de les dades inexactes o, si escau, sol\u00b7licitar la seva eliminaci\u00f3 quan, entre altres motius, les dades ja no siguin necess\u00e0ries per als fins que van ser recollides. En determinades circumst\u00e0ncies, els interessats podran sol\u00b7licitar la limitaci\u00f3 del tractament de les vostres dades, en aquest cas \u00fanicament les conservarem per a l\u2019exercici o la defensa de reclamacions. En determinades circumst\u00e0ncies i per motius relacionats amb la seva situaci\u00f3 particular, els interessats podran oposar-se al tractament de les seves dades. JOH BRASSERIA, S.L. deixar\u00e0 de tractar les dades, excepte per motius leg\u00edtims imperiosos, o l\u2019exercici o la defensa de possibles reclamacions. Com a interessat, tens dret a rebre les dades personals que t\u2019incumbeixin, que ens hagis facilitat i en un format estructurat, d\u2019\u00fas com\u00fa i lectura mec\u00e0nica, i transmetre\u2019ls a un altre responsable del tractament quan:<\/p>\n\n\n\n<p>El tractament estigui basat en el consentiment.<\/p>\n\n\n\n<p>Les dades hagin estat facilitades per linteressat.<\/p>\n\n\n\n<p>El tractament es fa per mitjans automatitzats.<\/p>\n\n\n\n<p>Els interessats tamb\u00e9 tenen dret a la tutela judicial efectiva ia presentar una reclamaci\u00f3 davant l\u2019autoritat de control, en aquest cas, l\u2019Ag\u00e8ncia Espanyola de Protecci\u00f3 de Dades, si consideren que el tractament de dades personals que li concerneixen infringeix el Reglament.<\/p>\n\n\n\n<p>Amb quina finalitat tractem les vostres dades personals?<\/p>\n\n\n\n<p>Les vostres dades personals nom\u00e9s s\u2019utilitzaran per a les seg\u00fcents finalitats:<\/p>\n\n\n\n<p>Realitzar les gestions comercials i administratives necess\u00e0ries amb els usuaris de la web.<\/p>\n\n\n\n<p>Enviar les comunicacions comercials publicit\u00e0ries per correu electr\u00f2nic, fax, SMS, MMS, comunitats socials o qualsevol altre mitj\u00e0 electr\u00f2nic o f\u00edsic, en cas que l\u2019Usuari hagi consentit expressament l\u2019enviament de comunicacions comercials per via electr\u00f2nica mitjan\u00e7ant la subscripci\u00f3 de la newsletter.<\/p>\n\n\n\n<p>Respondre les consultes i\/o proporcionar informacions requerides per l\u2019Usuari;<\/p>\n\n\n\n<p>Realitzar les prestacions de serveis i\/o productes contractats o subscrits per l\u2019Usuari<\/p>\n\n\n\n<p>Utilitzar les dades per contactar-nos, tant per via electr\u00f2nica com per electr\u00f2nica, per obtenir la seva opini\u00f3 sobre el servei prestat.<\/p>\n\n\n\n<p>Notificar canvis, desenvolupaments importants de la pol\u00edtica de privadesa, av\u00eds legal o pol\u00edtica de cookies.<\/p>\n\n\n\n<p>Les dades de clients i\/o prove\u00efdors seran tractades, dins de la relaci\u00f3 contractual que les vincula amb el responsable, en compliment de les obligacions administratives, fiscals, comptables i laborals que siguin necess\u00e0ries en virtut de la legislaci\u00f3 vigent.<\/p>\n\n\n\n<p>Podeu revocar en qualsevol moment el vostre consentiment remetent un escrit amb l\u2019assumpte \u201cBaixa\u201d a <a>info@brasserialallar.com<\/a>.<\/p>\n\n\n\n<p>D\u2019acord amb la LSSICE, JOH BRASSERIA, S.L. no fa pr\u00e0ctiques de SPAM, per tant, no envia correus comercials per correu electr\u00f2nic que no hagin estat pr\u00e8viament sol\u00b7licitats o autoritzats per l\u2019Usuari. En conseq\u00fc\u00e8ncia, a totes les comunicacions que rebr\u00e0 de prestador, l\u2019usuari t\u00e9 la possibilitat de cancel\u00b7lar el seu consentiment expr\u00e9s per rebre les nostres comunicacions.<\/p>\n\n\n\n<p>No tractarem les vostres dades personals per a cap altre fi de les descrites excepte per obligaci\u00f3 legal o requeriment judicial.<\/p>\n\n\n\n<p>D\u2019acord amb all\u00f2 establert a la Llei Org\u00e0nica 3\/2018 (LOPD-GDD) i al Reglament General de protecci\u00f3 de dades europeu (RGPD) 2016\/679, JOH BRASSERIA, S.L. ser\u00e0 responsable del tractament de les dades corresponents a Usuaris de la web i subscriptors. JOH BRASSERIA, S.L. no ven, lloga o cedeix dades de car\u00e0cter personal que puguin identificar l\u2019usuari, ni ho far\u00e0 en el futur, a tercers sense el consentiment previ. Sempre es realitzar\u00e0 amb els est\u00e0ndards de seguretat m\u00e9s estrictes.<\/p>\n\n\n\n<p>Enviar un missatge de correu electr\u00f2nic a efectes de publicitat a <a>info@brasserialallar.com<\/a> autoritzar\u00e0 JOH BRASSERIA, S.L. a executar les dades de la seva dada.<\/p>","protected":false},"excerpt":{"rendered":"<p>D\u2019acord amb la Llei Org\u00e0nica 3\/2018 LOPD-GDD i amb el Reglament Europeu RGPD de Protecci\u00f3 de Dades personals, hem actualitzat la nostra Pol\u00edtica de Privadesa. En aquesta web es respecten i cuiden les dades personals dels usuaris. Com a usuari has de saber que els teus drets estan garantits. Cal advertir que aquesta Pol\u00edtica de [&hellip;]<\/p>","protected":false},"author":1,"featured_media":0,"parent":0,"menu_order":0,"comment_status":"closed","ping_status":"closed","template":"","meta":{"footnotes":""},"class_list":["post-138","page","type-page","status-publish","hentry"],"_links":{"self":[{"href":"https:\/\/brasserialallar.com\/es\/wp-json\/wp\/v2\/pages\/138","targetHints":{"allow":["GET"]}}],"collection":[{"href":"https:\/\/brasserialallar.com\/es\/wp-json\/wp\/v2\/pages"}],"about":[{"href":"https:\/\/brasserialallar.com\/es\/wp-json\/wp\/v2\/types\/page"}],"author":[{"embeddable":true,"href":"https:\/\/brasserialallar.com\/es\/wp-json\/wp\/v2\/users\/1"}],"replies":[{"embeddable":true,"href":"https:\/\/brasserialallar.com\/es\/wp-json\/wp\/v2\/comments?post=138"}],"version-history":[{"count":2,"href":"https:\/\/brasserialallar.com\/es\/wp-json\/wp\/v2\/pages\/138\/revisions"}],"predecessor-version":[{"id":271,"href":"https:\/\/brasserialallar.com\/es\/wp-json\/wp\/v2\/pages\/138\/revisions\/271"}],"wp:attachment":[{"href":"https:\/\/brasserialallar.com\/es\/wp-json\/wp\/v2\/media?parent=138"}],"curies":[{"name":"wp","href":"https:\/\/api.w.org\/{rel}","templated":true}]}}

Política De Privadesa

<p>D’acord amb la Llei Orgànica 3/2018 LOPD-GDD i amb el Reglament Europeu RGPD de Protecció de Dades personals, hem actualitzat la nostra Política de Privadesa. En aquesta web es respecten i cuiden les dades personals dels usuaris. Com a usuari has de saber que els teus drets estan garantits.</p>



<p>Cal advertir que aquesta Política de Privadesa podria variar en funció d’exigències legislatives o d’autoregulació, per la qual cosa s’aconsella als usuaris que la visitin periòdicament. És aplicable en cas que els usuaris decideixin emplenar algun formulari de qualsevol dels seus formularis de contacte que es demanen dades de caràcter personal.</p>



<p>JOH BRASSERIA, S.L. ha adequat aquest web a les exigències de la Llei Orgànica 3/2018 LOPD-GDD i al Reglament (UE) 2016/679 del Parlament Europeu i del Consell de 27 d’abril del 2016 relatiu a la protecció de les persones físiques RGPD, així com amb la Llei 34/2002 de 11 de juliol, de Serveis de la Societat de la Informació i Comerç Electrònic LSSICE.</p>



<p>Responsable del tractament de les teves dades personals .</p>



<p>Identitat del Responsable : JOH BRASSERIA, S.L.</p>



<p>NIF : 43526272Z</p>



<p>Correu electrònic : <a>info@brasserialallar.com</a></p>



<p>Web : <a href="http://www.llar.totmedia.net">www.llar.totmedia.net</a></p>



<p>Telèfon : 938 67 53 77</p>



<p>Principis que aplicarem a la teva informació .</p>



<p>En el tractament de les teves dades personals, aplicarem els principis següents que s’ajusten a les exigències del nou reglament europeu de protecció de dades:</p>



<p>Principi de licitud, lleialtat i transparència: sempre requerirem el seu consentiment per al tractament de les teves dades personals per a un o diversos fins específics que t’informarem prèviament amb absoluta transparència.</p>



<p>Principi de minimització de dades: només sol·licitarem dades estrictament necessàries en relació amb les finalitats per a les quals les requerim.</p>



<p>Principi de limitació del termini de conservació: les dades seran mantingudes durant no més temps del necessari per als fins del tractament, en funció de la finalitat, us informarem del termini de conservació corresponent, en el cas de subscripcions, periòdicament revisem les nostres llistes i eliminem aquells registres inactius durant un temps considerable.</p>



<p>Principi d’integritat i confidencialitat: les teves dades seran tractades de manera que es garanteixi una seguretat adequada de les dades personals i es garanteixi confidencialitat. Prenem totes les precaucions necessàries per evitar l’accés no autoritzat o ús indegut de les dades dels nostres usuaris per part de tercers.</p>



<p>Com hem obtingut les dades?</p>



<p>Les dades personals que tractem procedeixen de:</p>



<p>Formulari de contacte.</p>



<p>Telèfon.</p>



<p>Web.</p>



<p>Activitats.</p>



<p>E-mail.</p>



<p>Visites.</p>



<p>Quins són els teus drets quan ens facilites les dades?</p>



<p>Els interessats tenen dret a:</p>



<p>Sol·licitar l’accés a les dades personals relatives a la persona interessada.</p>



<p>Sol·licitar-ne la rectificació.</p>



<p>Sol·licitar la baixa de la nostra base de dades.</p>



<p>Sol·licitar la limitació del tractament.</p>



<p>Oposar-se al tractament.</p>



<p>Els interessats poden accedir a les seves dades personals, així com a sol·licitar la rectificació de les dades inexactes o, si escau, sol·licitar la seva eliminació quan, entre altres motius, les dades ja no siguin necessàries per als fins que van ser recollides. En determinades circumstàncies, els interessats podran sol·licitar la limitació del tractament de les vostres dades, en aquest cas únicament les conservarem per a l’exercici o la defensa de reclamacions. En determinades circumstàncies i per motius relacionats amb la seva situació particular, els interessats podran oposar-se al tractament de les seves dades. JOH BRASSERIA, S.L. deixarà de tractar les dades, excepte per motius legítims imperiosos, o l’exercici o la defensa de possibles reclamacions. Com a interessat, tens dret a rebre les dades personals que t’incumbeixin, que ens hagis facilitat i en un format estructurat, d’ús comú i lectura mecànica, i transmetre’ls a un altre responsable del tractament quan:</p>



<p>El tractament estigui basat en el consentiment.</p>



<p>Les dades hagin estat facilitades per linteressat.</p>



<p>El tractament es fa per mitjans automatitzats.</p>



<p>Els interessats també tenen dret a la tutela judicial efectiva ia presentar una reclamació davant l’autoritat de control, en aquest cas, l’Agència Espanyola de Protecció de Dades, si consideren que el tractament de dades personals que li concerneixen infringeix el Reglament.</p>



<p>Amb quina finalitat tractem les vostres dades personals?</p>



<p>Les vostres dades personals només s’utilitzaran per a les següents finalitats:</p>



<p>Realitzar les gestions comercials i administratives necessàries amb els usuaris de la web.</p>



<p>Enviar les comunicacions comercials publicitàries per correu electrònic, fax, SMS, MMS, comunitats socials o qualsevol altre mitjà electrònic o físic, en cas que l’Usuari hagi consentit expressament l’enviament de comunicacions comercials per via electrònica mitjançant la subscripció de la newsletter.</p>



<p>Respondre les consultes i/o proporcionar informacions requerides per l’Usuari;</p>



<p>Realitzar les prestacions de serveis i/o productes contractats o subscrits per l’Usuari</p>



<p>Utilitzar les dades per contactar-nos, tant per via electrònica com per electrònica, per obtenir la seva opinió sobre el servei prestat.</p>



<p>Notificar canvis, desenvolupaments importants de la política de privadesa, avís legal o política de cookies.</p>



<p>Les dades de clients i/o proveïdors seran tractades, dins de la relació contractual que les vincula amb el responsable, en compliment de les obligacions administratives, fiscals, comptables i laborals que siguin necessàries en virtut de la legislació vigent.</p>



<p>Podeu revocar en qualsevol moment el vostre consentiment remetent un escrit amb l’assumpte “Baixa” a <a>info@brasserialallar.com</a>.</p>



<p>D’acord amb la LSSICE, JOH BRASSERIA, S.L. no fa pràctiques de SPAM, per tant, no envia correus comercials per correu electrònic que no hagin estat prèviament sol·licitats o autoritzats per l’Usuari. En conseqüència, a totes les comunicacions que rebrà de prestador, l’usuari té la possibilitat de cancel·lar el seu consentiment exprés per rebre les nostres comunicacions.</p>



<p>No tractarem les vostres dades personals per a cap altre fi de les descrites excepte per obligació legal o requeriment judicial.</p>



<p>D’acord amb allò establert a la Llei Orgànica 3/2018 (LOPD-GDD) i al Reglament General de protecció de dades europeu (RGPD) 2016/679, JOH BRASSERIA, S.L. serà responsable del tractament de les dades corresponents a Usuaris de la web i subscriptors. JOH BRASSERIA, S.L. no ven, lloga o cedeix dades de caràcter personal que puguin identificar l’usuari, ni ho farà en el futur, a tercers sense el consentiment previ. Sempre es realitzarà amb els estàndards de seguretat més estrictes.</p>



<p>Enviar un missatge de correu electrònic a efectes de publicitat a <a>info@brasserialallar.com</a> autoritzarà JOH BRASSERIA, S.L. a executar les dades de la seva dada.</p>

<p>D’acord amb la Llei Orgànica 3/2018 LOPD-GDD i amb el Reglament Europeu RGPD de Protecció de Dades personals, hem actualitzat la nostra Política de Privadesa. En aquesta web es respecten i cuiden les dades personals dels usuaris. Com a usuari has de saber que els teus drets estan garantits. Cal advertir que aquesta Política de [&hellip;]</p>
